
Evaluate -2 + (-4 - -2) - -2.
-2
What is the value of -5 - (-4 + -3 + -1)?
3
What is 3 + -6 + 1 + -3 + 3?
-2
What is the value of 1 + (3 - 2) - -3?
5
Calculate -6 - -1 - (6 - 9).
-2
Calculate (4 - (7 - -9)) + 6.
-6
What is the value of (2 - (-11 + 10)) + -5?
-2
Calculate 7 + 0 + 9 + -10.
6
Evaluate -8 + 23 + -10 - 2.
3
What is the value of 1 + 1 + (1 - -1)?
4
Calculate -1 + -2 + 2 + -4.
-5
(-7 - (3 - 8)) + 0
-2
6 + (-15 + 4 - -3)
-2
Calculate 2 + 1 - 1 - (5 + -1).
-2
What is the value of 12 + -7 + (5 - 19)?
-9
What is the value of (8 - 14 - (1 - 1)) + 4?
-2
(0 - 0) + (9 - (7 + -2))
4
What is (-7 - 2) + 7 + 3?
1
0 - 1 - (0 + -1) - 5
-5
Calculate -6 + 6 + 4 + (-1 - 3).
0
Calculate 2 + (-3 - (-7 + 9)).
-3
What is 4 + -6 + -3 + 0?
-5
Evaluate 3 + (-9 + 4 - -9) - 3.
4
Calculate -6 + (12 - 12 - (-4 - -1)).
-3
Evaluate 4 - (-6 + 5) - (5 - 3).
3
Evaluate -1 + (-4 - -5 - -1).
1
Evaluate 2 + -5 + (-2 - 0) + 14.
9
Calculate -4 - -13 - (2 + (-1 - -3)).
5
What is -7 + -1 - (-1 - 4 - -2)?
-5
Calculate 0 + 5 + -5 + 2.
2
What is 1 - (2 + (0 - 4))?
3
Calculate 4 - (0 - (3 + 5)) - 5.
7
What is 0 + -6 + 3 - 2?
-5
-2 + 3 + -6 + 6
1
Calculate (1 - 3 - 2) + (2 - -2).
0
Calculate 13 + (-1 - (8 + -2)).
6
Calculate (-1 - 5) + (3 + 6 - 5).
-2
Evaluate 9 + (1 - 2) + (-5 - -7).
10
What is 3 - (1 + 0 + (0 - 3))?
5
(-4 - (-3 - -4)) + 3 + 6
4
What is (2 - -3 - (11 - 1)) + 0?
-5
What is (3 - (4 - -4)) + 5?
0
(20 - 10) + -10 + -2
-2
-23 + 6 + 4 + 10
-3
Evaluate 4 - (3 + 3 + -3).
1
Calculate (-2 - (-1 - -2)) + (3 - -1).
1
Calculate -5 - (-4 - -1) - (-14 - -6).
6
What is (4 - 1) + -1 + -4 + 4?
2
(0 - (-3 - 0)) + -6
-3
What is -5 - (-13 + 1 + 5) - 1?
1
What is (9 + -3 - -9) + -14?
1
What is -5 - (-7 - 2) - 4?
0
Evaluate 11 + (-3 - -5) + -9.
4
What is 7 + (-5 - -6) + -4?
4
What is (3 - -2) + -9 + 6 + 2?
4
What is (1 - -3) + 11 + -12?
3
What is -1 - -2 - (11 + -8)?
-2
What is the value of 10 - (-5 - -12) - (-1 + 1)?
3
What is the value of (-5 + 0 - 0 - -2) + 2?
-1
(4 - (0 - (0 + -2))) + 1
3
What is the value of 7 - (8 - (4 + -4))?
-1
Calculate 33 - 34 - (-1 - (-5 - -1)).
-4
Evaluate 2 - (7 - 1) - 2.
-6
-1 + -11 - (-110 + 105)
-7
1 - (-6 - -10 - (0 + 1))
-2
What is -8 - 0 - (-5 - 3)?
0
What is 0 - 2 - -2 - -5?
5
What is the value of (4 - 2) + (8 - 14)?
-4
Evaluate (6 - 15) + -6 + 14.
-1
Calculate 0 + -2 - (2 + -2).
-2
Calculate (-4 - -3) + (1 + 4 - 3).
1
Evaluate -3 + 1 + -3 + 6 + -2.
-1
Evaluate -4 + 4 + (-6 + 3 - -4).
1
2 - (-4 - -7 - 6)
5
Evaluate 2 - 1 - (-18 + 19).
0
Evaluate (-1 - (-2 + 1)) + (-2 - 1).
-3
What is 3 - (8 + -5) - -1 - -2?
3
What is the value of -2 + (-5 - (2 - 4))?
-5
What is -2 + (-15 + 19 - (0 - 1))?
3
Calculate (-4 - 0) + -13 + 17.
0
What is the value of 3 - ((4 - 6) + 6 + 1)?
-2
Evaluate -3 + -4 + (-7 - -22).
8
Evaluate (-16 - (-7 - 1)) + 10.
2
What is the value of 3 - (2 - (-2 - -4))?
3
What is the value of 3 + (6 + -20 + 6 - -4)?
-1
-1 - 10 - (-12 + 1)
0
-4 + 3 + -6 + 3 + 5
1
Evaluate 0 + (5 - (1 + -5)) + 0.
9
What is the value of 1 - 7 - (-18 + 13)?
-1
What is -5 + 0 + 6 + 1 + 2?
4
Calculate 1 - (-1 + (-2 - 1)).
5
What is 27 + -28 - (-2 + (-4 - -1))?
4
What is the value of -4 + (5 - 5) + 3?
-1
-3 + (5 - (1 - 0))
1
Calculate 2 - (4 - (4 + -2)).
0
What is the value of -3 + -4 + (2 - -2 - 8)?
-11
Calculate -1 - -7 - (-6 + (2 - -14)).
-4
Evaluate 13 + (-23 - -11) + -1 + -2.
-2
What is the value of 7 + 0 + (-5 - (0 - 0))?
2
What is -3 - (3 - (9 + 1 + -5))?
-1
What is (-3 - -11) + (5 - (-4 + 13))?
4
0 - 2 - (5 - 3)
-4
What is (3 - -5) + 3 + -5?
6
What is 77 - 79 - (0 + -3 + 1)?
0
Calculate 0 + 0 + (9 - 13).
-4
Evaluate 3 + 3 + -1 + 1 + -1.
5
What is the value of 2 - (-7 - -10) - -5?
4
Calculate -3 + (6 - 2) + 0.
1
Evaluate -2 + -2 - (-2 + -3).
1
What is (1 - 0) + -6 - (183 - 182)?
-6
What is the value of 0 - (-1 + (0 - -1))?
0
What is the value of -7 + 4 + 1 + (-59 - -61)?
0
What is (3 + 2 - 2) + -7 + 4?
0
Calculate 1 - -1 - (1 + 3).
-2
What is the value of -3 - ((-6 - 2) + 5)?
0
Calculate (1 - -2) + 2 + (-27 - -25).
3
-5 + (-4 + -2 - -7)
-4
Evaluate 10 - (12 + -17 + 6).
9
Evaluate 9 + -4 + -2 + -3.
0
8 + -2 + (0 + -3 - -2)
5
Evaluate -10 - (-6 - 2) - (2 - 0).
-4
Evaluate (-3 - -1) + 7 + 1.
6
Calculate -3 - (-7 + (2 - -1 - 1)).
2
(0 + 1 - 1 - 5) + 5
0
Calculate -7 + -5 - (4 + -11).
-5
Calculate -1 - -6 - (6 - 3 - 2).
4
What is (-5 - (-7 - -4)) + 1?
-1
What is the value of (-3 - (-17 + 12)) + -3?
-1
Evaluate 3 + (12 - 2) + -7.
6
What is (-2 + 9 - 13) + (-1 - -2)?
-5
What is the value of (3 - 2) + 10 - (68 - 62)?
5
Calculate -23 + 26 - (3 + -3).
3
6 - (-8 + 9) - (-1 - -5)
1
What is 5 - 3 - (4 + -9 + 1)?
6
(7 - 7) + (-8 - 0) + 9
1
-5 + 13 + -17 + 4 + 7
2
Evaluate 1 + 0 + -9 + -1.
-9
Evaluate 4 - -2 - -4 - (15 - 13).
8
-9 + 8 - -12 - 9
2
Calculate -1 + (-3 - -6 - -4) - 0.
6
What is -7 + -8 + 5 + -7 + 7?
-10
Calculate -1 - (2 + -2) - (6 - 8).
1
What is 1 + 1 - (-3 + 17 + -2)?
-10
Evaluate 11 + 6 + -11 - (2 - 0).
4
(4 - (-8 + 5 - -3)) + -5
-1
(-5 - -6) + 3 + 3 + -15
-8
Calculate -1 - ((2 - -2) + (-2 - 3)).
0
Calculate 5 - 1 - (24 - 7 - 11).
-2
-5 + 5 + (-1 - (2 + 0))
-3
Evaluate 8 - -2 - (0 - -5).
5
Evaluate -11 - 5 - -7 - -6.
-3
4 - (16 + -10 - 2)
0
-5 - (-4 - (5 - 8))
-4
Calculate 6 - (6 + 3) - -5 - 6.
-4
Evaluate (2 + -3 - 4) + 0.
-5
Evaluate 9 + (-11 - -1) + 4.
3
Calculate (6 - 1) + -2 - (4 + -6).
5
Evaluate -57 + 52 + (0 + -1 - 0).
-6
What is -6 - 2 - (-1 - 5) - -2?
0
What is -5 - 0 - -7 - 0?
2
(0 - (5 - 3)) + 0
-2
What is 3 + (-4 - 0) - -3?
2
What is the value of -6 + 2 - (5 - (8 + -1))?
-2
What is the value of 3 + -1 + -4 + 0 - -6?
4
What is the value of 2 + -8 + (7 - (4 + 0))?
-3
9 + (-20 - (0 + -6))
-5
What is (-1 - (6 - 8)) + 2 + 6?
9
What is 2 - 1 - (-7 - (5 + -12))?
1
(11 - (-6 + 12)) + -6
-1
What is -1 - -5 - (-10 - -6 - -4)?
4
6 + 2 + 0 + -10
-2
What is (4 - -3) + (-10 - -4 - -5)?
6
Evaluate -3 + -2 + 0 + 6.
1
What is 3 - 8 - (0 + -1)?
-4
(6 + -5 - 6) + 3
-2
(5 - (-2 - -12)) + 10 + -5
0
Evaluate -4 + 8 - (4 - 2).
2
-1 + 0 + 2 - (59 + -57)
-1
Calculate 1 + (-13 - -26) + -8.
6
13 - 18 - (-4 + 4)
-5
What is -3 - (-5 - (4 + -5))?
1
Calculate 0 - (-1 + -2 + (-3 - -4)).
2
What is -5 + -5 + (2 - -8)?
0
Calculate 0 - 2 - (6 + (2 - 7)).
-3
-8 - (-14 - -8 - -3)
-5
Calculate 3 - 0 - (38 - 34).
-1
-1 + (12 + -7 - 3)
1
Calculate 5 - (3 - 2) - -6 - 7.
3
(-15 + 7 + 4 - 2) + 15
9
What is -3 - 12 - (7 + -12 - 3)?
-7
What is 19 + -16 - (1 + 0)?
2
Evaluate (6 - (8 + 2)) + 2 + 8.
6
What is the value of 9 - (-4 + 5 + (-8 - -7))?
9
What is the value of 13 + (-18 - -9) + -7?
-3
What is -1 - -1 - (0 - 2)?
2
What is the value of 2 - (8 - (4 + -2))?
-4
What is the value of 1 - 6 - (-16 + 16)?
-5
2 + (-2 - 5) - -2
-3
0 + 1 - (21 + -23) - 0
3
What is the value of -2 + 0 - (13 + 5 - 14)?
-6
What is the value of (3 - 0) + -12 + 15 - 4?
2
What is -2 + -11 + 4 - -4?
-5
Evaluate 3 + (-5 - ((-3 - 2) + 6)).
-3
What is 0 - 2 - 1 - (-15 + 12)?
0
-4 - (-4 + (1 - 6))
5
Evaluate 5 - 1 - (12 - 10).
2
What is the value of 2 + -1 + (-1 - (0 - 2))?
2
What is -1 - 3 - -6 - 3?
-1
9 + 1 + -5 + -5 + -1
-1
Calculate (6 - (3 - 4)) + -13.
-6
-1 - (2 + -5 + 3 + -2)
1
Calculate -3 + (-6 - ((-17 - -6) + -3)).
5
Calculate -1 - 2 - (24 - 25).
-2
(15 - 12 - (2 - 3)) + 5
9
-17 + 30 + (-13 - 2)
-2
-1 - (2 - (6 + -3))
0
Evaluate -5 - (-1 - ((5 - 3) + 7)).
5
What is -3 - (-1 + -2 - 3)?
3
What is 5 + 1 - (13 - 10)?
3
Calculate -10 - -9 - (1 + -2).
0
What is 0 + -13 + 4 - -10?
1
What is the value of 9 - (1 - (1 + -5 + 1))?
5
Calculate -35 + 24 - (3 - 2 - 7).
-5
(-5 - -1) + 0 + 6 - 8
-6
Evaluate -4 - (1 - 5 - -4).
-4
Calculate 1 - (6 - (4 - -7) - -7).
-1
2 + 0 + -1 + -3 - -4
2
Evaluate 0 + 2 - (4 - (3 - 1)).
0
Calculate 0 + -10 + 0 - -3.
-7
-18 + 1 + 8 + 5
-4
2 + (-3 - -1) - -6
6
What is (-5 - (-4 + 1)) + 4 - 1?
1
What is the value of (-4 - 0) + (-1 - -4)?
-1
What is -16 + 12 + (-7 - -1)?
-10
What is 0 + 3 + (-11 + -1 - -6)?
-3
What is 1 + -5 + (3 - -1)?
0
Calculate -2 + 3 + -3 + -2.
-4
Calculate 0 + -6 + 15 + -11 - -2.
0
(-5 + -4 - -5) + (6 - 2)
0
Calculate -10 - (-14 + (9 - 6)).
1
Calculate (3 - -1) + (6 - 2) - 4.
4
Evaluate (-6 + (-2 - -4) - -4) + 0.
0
What is the value of -10 + 12 + -3 + 2?
1
-7 + 1 + (1 - -1)
-4
Calculate 5 - 14 - (-9 + 3).
-3
What is the value of (-12 - -16) + -2 + -1?
1
(-2 - (3 + -3))